 n(0).
-2
Let r(i) be the first derivative of 1/2*i**2 + 1/6*i**4 - 2*i - 6 - 9/20*i**5 + 1/3*i**3. Let n(s) be the first derivative of r(s). Give n(-1).
10
Suppose 11*s - 37 + 4 = 0. Let d(i) = -s - 1 + 5 - 3*i. Calculate d(2).
-5
Let l(o) = -o**2 - 2 - 15 + o + 5. Suppose 5*z - 10 = -0*v + v, 2*v + z = 2. Calculate l(v).
-12
Let l(m) = -18 + 5*m + m**2 + 0*m**2 - 2*m**2 + 12*m. Let x be l(16). Let o(z) be the first derivative of z**4/4 + z**3/3 - z**2 - 1. What is o(x)?
0
Let m(r) be the second derivative of -r**5/20 + 3*r**4/4 - r**3 - 213*r. Determine m(8).
16
Let v(s) = -s**3 - 3*s**2 + 6*s + 10. Let d = -442 + 438. Determine v(d).
2
Let n(h) = 2*h**2 - 25*h + 4. Suppose 3*q - 4 = 5*b - 58, b + 3*q - 18 = 0. Calculate n(b).
-8
Suppose 2*r = 2*p, -2*r + 14 = 5*p - 0*r. Let j(b) be the first derivative of 7*b**2/2 + 2*b - 811. Calculate j(p).
16
Let g(d) be the second derivative of d**3/3 + 10*d**2 + 597*d. Give g(-8).
4
Let k(y) = -4*y**3 + 8*y**2 + y - 8. Let l(f) = -3*f**3 + f**2 + f - 1. Let h(z) = k(z) - l(z). Give h(7).
-7
Let o(h) = -6*h**2 + 7*h - 4. Let a(v) = 5*v**2 - 7*v + 3. Let l(z) = -7*a(z) - 6*o(z). Let c be (5/5)/(1/(-5)). What is l(c)?
-7
Let w(a) be the third derivative of a**6/120 - a**5/15 + a**4/6 - a**3/2 - a**2. Let d = -171 + 174. What is w(d)?
0
Let g(t) be the first derivative of -t**4/4 + 2*t**3 + 3*t**2 - t + 4. Suppose 23 = -q + 28. Suppose -15 = q*d - 50. What is g(d)?
-8
Let j(b) be the first derivative of b**3/3 + 2*b - 4. Let i = -128 + 131. Give j(i).
11
Suppose 0*p = 2*p - 28. Let f = -8 + p. Let a(l) = -l**3 + 6*l**2 + l + 6. Calculate a(f).
12
Let a(z) = 5*z**2 + 2*z + 1. Suppose 0 = -4*c + c - 2*r - 8, -5 = 5*c - 5*r. What is a(c)?
17
Let c(t) = -t**3 + t**2 - 4. Let h(w) = 2*w**2 + 12*w - 14. Suppose 12 = -2*k + o, k + 4*o - o = -13. Let p be h(k). Determine c(p).
-4
Suppose -5 + 10 = 5*t. Let b(p) = -1. Let d(m) = -3 + 2*m - 3 - m. Let s(v) = t*d(v) - 6*b(v). What is s(3)?
3
Let r(g) = -2 - 655*g + 658*g - 4*g**2 + 4. Give r(-1).
-5
Let m(w) = w**2 - 8*w + 8. Suppose -1446*x + 9 = -1443*x. Determine m(x).
-7
Let q(h) be the third derivative of -h**5/12 + 7*h**4/8 + 7*h**3/6 + 17*h**2. Let v(i) = -i**2 + 4*i + 1. Let w(f) = 2*q(f) - 11*v(f). Calculate w(2).
3
Let p(s) be the first derivative of 1 + 0*s**2 - 4/3*s**3 + 0*s - 1/12*s**4 + 1/60*s**5. Let c(j) be the third derivative of p(j). What is c(-5)?
-12
Let m(v) = -v**3 - 4*v**2 + 3*v + 1. Suppose 13*k + 14 = -51. Give m(k).
11
Let z(g) be the first derivative of g**4/12 - g**3/2 - 5*g**2/2 - 23*g + 15. Let y(k) be the first derivative of z(k). What is y(5)?
5
Let s(n) = n**2 + 2*n - 3. Let i be (-6)/15 + 10/25 + -9. Let k = i - -11. What is s(k)?
5
Let a(s) be the second derivative of s**5/20 - 5*s**4/12 + 2*s**3/3 + s**2/2 - 66*s + 1. Let u be (-9)/6*(-48)/9. Let i be (-1 + u)*28/49. Determine a(i).
1
Let b(s) = s - 1. Let x be (-18 - -3)*-1 - 0. Suppose x - 4 = 5*k + 2*u, -4*u = 4*k - 4. Let h(i) = -i + 3. Let j be h(k). Determine b(j).
-1
Let f(q) = q**3 + 4*q**2 - 2*q + 2. Let y be ((-9)/6)/((-3)/(-52)). Let n = -31 - y. Determine f(n).
-13
Let b(m) = -2*m**2 + m. Let s be 11/3 + -1 + 8/(-12). Calculate b(s).
-6
Suppose -73*b = 52 + 386. Let d(f) = 2*f**2 + 3*f + 3. Give d(b).
57
Let c(t) = 2*t + 5. Suppose -3 - 24 = 3*p. Let u be (-24)/p*(-9)/(-6). Suppose 0 = -5*q + u*q + 4. What is c(q)?
13
Let o(h) = h**2 + 26*h + 29. Suppose 28*w + 55 = 25*w - 5*r, 0 = -2*r + 8. Give o(w).
4
Let l = 37 + -12. Suppose -l = 2*w - 3. Let m = w + 11. Let g(o) = -o**2 - 1. Determine g(m).
-1
Let n(q) = q**2 - 9*q - 21. Let f(v) = 4*v**2 + 23*v - 51. Let b be f(2). What is n(b)?
1
Let f(p) = 0*p - 2 - 2*p - 3. Let u be 3 - ((-6)/(-4))/((-2)/4). Suppose -7*z = -u*z + 5. Calculate f(z).
5
Suppose 10*x - 424 = 2*x. Suppose -x + 3 = 10*b. Let o(w) = 6*w + 3*w**2 - 2*w**2 - 2 - 1. Give o(b).
-8
Let d(o) = -o**3 - 6*o**2 + 7*o - 4. Suppose 2*i + f - 4 + 16 = 0, 5*i + 33 = -f. Give d(i).
-4
Let o(b) = -b**3 + 4*b**2 - 1. Suppose -5*g = -14 + 4. Let w be 0/((-4)/(-2*1)). Suppose 0 = 5*q + g*a - 10, -a - 9 = -w*q - q. What is o(q)?
-1
Let u(c) = 35*c**2 + 2*c - 3. Let l(a) = a**2 - a + 1. Let o(w) = -2*l(w) - u(w). What is o(1)?
-36
Suppose 0 = -3*t + t + 6. Let q(d) = 14*d. Let b(v) = -v. Let u(h) = 10*b(h) + q(h). Calculate u(t).
12
Let n(h) = h**3 - 3*h**2. Let l(u) = u**3 + 5*u**2 + 4*u - 1. Let q be l(-3). Let f = -21 + 24. Suppose -f = 3*v + 4*w, -q*v + 4*w = -3*v - 18. Give n(v).
0
Let j(p) = -p - 1. Suppose 12*i + 42 - 6 = 0. Calculate j(i).
2
Let k(h) = h**3 + 7*h**2 + 7*h + 5. Let c be (-90)/21 - (-2)/7. Let l be -2 + (c - -4 - 4). Calculate k(l).
-1
Let j(f) be the third derivative of 0*f**5 + 0 + 0*f + 1/12*f**4 + 5*f**2 + 1/24*f**6 + 1/6*f**3. Give j(-1).
-6
Let n(j) be the first derivative of -j**4/4 + 6*j**3 - 9*j**2 + 24*j + 30. Calculate n(17).
7
Let m(p) = -p**3 + 8*p**2 - 5*p + 9. Suppose 10*l - 1979 = -1899. What is m(l)?
-31
Let v be 6/(-15) - 192/20. Let h be ((-36)/v)/((-2)/(-10)). Let s = -12 + h. Let k(w) = -w**3 + 7*w**2 - 8*w + 1. Determine k(s).
-11
Let n = 679 - 672. Let z(r) = -r + 3. Calculate z(n).
-4
Let n(v) = 54 - 5 - 8 - 38 - 4*v. Calculate n(7).
-25
Let p(x) = -155*x + x**2 + 158*x - 3*x**2. Suppose -9*m + 21 = -2*m. Give p(m).
-9
Suppose -128*a + 12 = -122*a. Let u(r) = 1 + a + 3*r**2 - 2 - 2*r + r**3. Give u(-4).
-7
Let k(p) be the first derivative of p**4/24 + p**3/6 - p**2 + 26. Let w(r) be the second derivative of k(r). Determine w(-7).
-6
Suppose -3*p - 25 = -3*s + p, -4*p = 4. Let o(x) = 3 - 5*x + 9 - s - x + x**2. Determine o(7).
12
Let d(s) = -s**2 + 6*s - 15. Let x be -4 - (-5)/(65/104). What is d(x)?
-7
Let y(f) = f**3 - 5*f**2 + f - 1. Let p be y(5). Suppose -p*g + 5*m = -2, -2*g - 2*g = 5*m + 18. Let c(r) = r**2 + 2. Determine c(g).
6
Let b(n) = -n**3 + n. Let x be (4 - 2)/((-3)/(-6)). Suppose 6*i - x*i = 2. Give b(i).
0
Let z be 2*(-2)/8*-2. Let h be 5/(10/(-8))*z. Let j(v) be the first derivative of v**2/2 + 4*v - 237. Determine j(h).
0
Let c(t) be the second derivative of -t**3/2 - t**2 - 5*t. Let z(d) = d**3 + 4*d**2 - 6*d + 38. Let n be z(-6). Determine c(n).
-8
Let k(t) = t**2 - 4*t - 8. Let g = -17 + 8. Let w(h) = h**3 + 10*h**2 + 8*h - 6. Let a be w(g). Suppose s = 5*p + 21, -a*s - 3 = p - 18. What is k(s)?
4
Let j = -1336 - -1333. Let p(u) = -u**2 - u - 1. Calculate p(j).
-7
Suppose 0 = 2*t - 3 + 5, 0 = -i - 5*t - 14. Let j(m) = 2*m - m**2 - 11*m + 0*m + 2. Give j(i).
2
Let k(h) be the third derivative of 7*h**5/60 + h**4/12 + h**3/6 - 2*h**2 + 600. Suppose -2*b - b + 2*x = -3, 0 = b - x - 2. Determine k(b).
6
Let w(p) = 2*p + 5. Suppose 162 = 6*u - 54. Suppose 5*l + u = 2*q - 5*q, 8 = -4*q. What is w(l)?
-7
Let g = 80 + -75. Let c = -10 + 11. Let i(u) = 4*u - 3*u + c + 1 - 4. Give i(g).
3
Let r be (-63)/(6 + 1) - -3 - 1. Let n(a) = -a**3 - 6*a**2 - a - 4. Give n(r).
52
Let l(n) = 2*n**3 - 2*n - 1. Let b(o) = -4*o**2 - o**3 + 10 - 3*o**2 + 0 + o. Let f be b(-7). Let s = -4 + f. Give l(s).
-1
Let w(u) = u + 4*u - 2*u - 3*u**3 - 6*u + 5*u. What is w(-2)?
20
Let i(z) = -z**3 - 4*z**2 - z + 1. Let w be i(-4). Suppose 4 = r - u - 3, 0 = 5*r + 3*u + w. Let p(q) = 5*q**2 - 4*q**2 - 3 - 3*q**r + 2 + 2*q. What is p(1)?
-1
Let i(d) = -d**3 - 4*d**2 - 3*d + 4. Let j = -264 - -261. Determine i(j).
4
Let w(j) = -4*j**2 - j + 2. Let o(r) = -2*r. Let c be o(-1). Let u(q) = 3 + c - 4. Let i(l) = 2*u(l) - w(l). Calculate i(-1).
3
Let s(i) = -i**3 + i**2 - 2*i + 2. Let k(o) = 6*o**3 + 10*o**2 - 4*o - 4. Let w(l) = -k(l) - 5*s(l). Give w(-16).
26
Let u = -2690 + 2693. Let t(k) be the first derivative of -2*k + 1/4*k**4 - k**u - 9 + k**2. Give t(2).
-2
Let x(d) = -17*d + 16. Let a(m) = -9*m + 8. Let y(u) = -11*a(u) + 6*x(u). What is y(5)?
-7
Let l(h) = -18*h + 6*h + 1 - 6 + 1. Let o(r) = 12*r + 3. Let y(w) = -4*l(w) - 5*o(w). Give y(1).
-11
Let q(w) = 9*w**2 - 5*w**2 + 8*w - 2*w**2. Determine q(-5).
10
Let p(i) = -i**3 + 7*i**2 - 7*i + 6. Suppose 4*f + 5*v = -153, -2*v = f + 2*v + 52. Let g = 15 + f. Let q = -11 - g. Determine p(q).
0
Let s be ((-6)/(-18))/(1/3). Let z(x) = -1 + s - 2*x**3 + 3 - 4 + x. Determine z(1).
-2
Suppose d - 4*o - 21 = 3, -2*o + 2 = 3*d. Let v(f) = d*f + 10 - 7*f - 6*f - f**2 + 2*f**2. Calculate v(8).
